prime factors of 8847737.
1151, 7687
What are the prime factors of 339666664?
2, 17, 73, 34213
What are the prime factors of 2219462?
2, 7, 59, 2687
What are the prime factors of 636386428?
2, 159096607
What are the prime factors of 138888844?
2, 17, 2042483
What are the prime factors of 214437075?
3, 5, 31, 149, 619
What are the prime factors of 5916144?
2, 3, 13, 19, 499
List the prime factors of 273170799.
3, 11, 306589
List the prime factors of 79427382.
2, 3, 37, 357781
List the prime factors of 126145482.
2, 3, 109, 192883
List the prime factors of 225459583.
1069, 210907
What are the prime factors of 85990535?
5, 3413, 5039
List the prime factors of 172201696.
2, 71, 75793
List the prime factors of 167979448.
2, 7, 13, 17, 277
List the prime factors of 5914860.
2, 3, 5, 7, 14083
List the prime factors of 410501969.
31, 107, 123757
List the prime factors of 136505069.
23, 5935003
What are the prime factors of 1355009931?
3, 11, 197, 23159
What are the prime factors of 129486253?
13, 853, 11677
What are the prime factors of 1999118630?
2, 5, 19, 227, 46351
What are the prime factors of 34227700?
2, 5, 13, 113, 233
List the prime factors of 249568318.
2, 124784159
List the prime factors of 3167394507.
3, 351932723
List the prime factors of 351960124.
2, 29, 137, 22147
What are the prime factors of 96290487?
3, 1549, 6907
What are the prime factors of 301233810?
2, 3, 5, 47, 213641
What are the prime factors of 177246027?
3, 7, 23, 122323
What are the prime factors of 57455537?
727, 79031
List the prime factors of 408943577.
7, 313, 186647
List the prime factors of 2744471264.
2, 19, 4513933
List the prime factors of 378387679.
19, 29, 686729
What are the prime factors of 461777457?
3, 31, 4965349
What are the prime factors of 1401094015?
5, 17, 1753, 9403
List the prime factors of 12527871.
3, 4175957
What are the prime factors of 3381289359?
3, 7, 727, 221477
What are the prime factors of 127663035?
3, 5, 347, 24527
What are the prime factors of 6203077407?
3, 467, 1475869
What are the prime factors of 59337672?
2, 3, 2472403
List the prime factors of 245248163.
1861, 131783
What are the prime factors of 259226270?
2, 5, 2087, 12421
What are the prime factors of 1910367543?
3, 7, 90969883
List the prime factors of 947985803.
15671, 60493
List the prime factors of 411424434.
2, 3, 2539657
What are the prime factors of 681377705?
5, 367, 449, 827
List the prime factors of 108729347.
37, 887, 3313
List the prime factors of 3255006755.
5, 7, 11, 13, 19, 2633
List the prime factors of 16889220.
2, 3, 5, 101, 929
What are the prime factors of 1118186893?
223, 5014291
What are the prime factors of 28560476?
2, 7, 17, 29, 2069
List the prime factors of 36125687.
13, 173, 16063
What are the prime factors of 577449426?
2, 3, 47, 83, 24671
List the prime factors of 5171993502.
2, 3, 13, 113, 586793
What are the prime factors of 1117859423?
67, 167, 99907
What are the prime factors of 16762995?
3, 5, 372511
What are the prime factors of 263986093?
7, 37712299
List the prime factors of 676640474.
2, 643, 526159
List the prime factors of 4537249335.
3, 5, 100827763
List the prime factors of 2687188514.
2, 383, 3508079
List the prime factors of 1272854837.
53, 24016129
List the prime factors of 1750124628.
2, 3, 7, 383, 18133
List the prime factors of 489047165.
5, 31, 53, 59, 1009
What are the prime factors of 239633392?
2, 14977087
List the prime factors of 2347989012.
2, 3, 21740639
What are the prime factors of 267718645?
5, 19, 43, 65537
List the prime factors of 1086740875.
5, 11, 37, 41, 521
What are the prime factors of 22656234?
2, 3, 3776039
List the prime factors of 883345973.
113, 139, 56239
List the prime factors of 78045715.
5, 11, 97, 14629
What are the prime factors of 166928819?
47, 3551677
What are the prime factors of 241218535?
5, 48243707
What are the prime factors of 10776501?
3, 1197389
What are the prime factors of 560096626?
2, 280048313
What are the prime factors of 4253867274?
2, 3, 223, 1213, 2621
What are the prime factors of 573858474?
2, 3, 7, 2423, 5639
List the prime factors of 388319657.
11, 29, 1217303
What are the prime factors of 4692818198?
2, 79, 107, 139, 1997
What are the prime factors of 99901323?
3, 3700049
List the prime factors of 119803830.
2, 3, 5, 1019, 3919
List the prime factors of 220189639.
41, 1031, 5209
List the prime factors of 2693448326.
2, 587, 2294249
What are the prime factors of 146084437?
4967, 29411
List the prime factors of 164309066.
2, 1049, 78317
List the prime factors of 1136948301.
3, 6899, 18311
List the prime factors of 2500571221.
47, 53203643
What are the prime factors of 227939441?
197, 1157053
List the prime factors of 533792098.
2, 7, 79, 482633
List the prime factors of 1569420585.
3, 5, 229, 152297
What are the prime factors of 106961798?
2, 53480899
List the prime factors of 317485924.
2, 7, 11338783
What are the prime factors of 456975821?
19, 1265861
What are the prime factors of 39878275?
5, 431, 3701
List the prime factors of 30810216.
2, 3, 1283759
What are the prime factors of 3133990571?
21323, 146977
What are the prime factors of 177763755?
3, 5, 13, 59, 15451
What are the prime factors of 27502842?
2, 3, 19, 241253
List the prime factors of 169422095.
5, 33884419
What are the prime factors of 70547247?
3, 19, 137519
What are the prime factors of 1964284070?
2, 5, 7, 631, 6353
List the prime factors of 41835408.
2, 3, 871571
List the prime factors of 14762012.
2, 19, 10223
What are the prime factors of 48083184?
2, 3, 333911
List the prime factors of 24954165.
3, 5, 367, 1511
What are the prime factors of 1992456906?
2, 3, 11, 113, 149, 163
List the prime factors of 72674706.
2, 3, 13, 931727
List the prime factors of 173720515.
5, 19, 1828637
What are the prime factors of 395846717?
7, 17, 3326443
List the prime factors of 357818648.
2, 11, 4066121
List the prime factors of 19064214.
2, 3, 13, 2089
List the prime factors of 54076587.
3, 3259, 5531
List the prime factors of 43441903.
43441903
What are the prime factors of 158340947?
23, 6884389
What are the prime factors of 66471632?
2, 17, 244381
List the prime factors of 494535493.
3359, 147227
What are the prime factors of 460582249?
19, 107, 226553
List the prime factors of 8856842.
2, 4428421
List the prime factors of 87327273.
3, 11, 240571
What are the prime factors of 71966504?
2, 8995813
What are the prime factors of 158092429?
11, 337, 3877
List the prime factors of 49283631.
3, 307, 17837
What are the prime factors of 2323466605?
5, 464693321
What are the prime factors of 5618887449?
3, 7, 61, 101, 137, 317
What are the prime factors of 380006639?
380006639
List the prime factors of 33498944.
2, 29, 18049
List the prime factors of 3378476887.
19, 29, 61, 100517
What are the prime factors of 152757096?
2, 3, 6364879
What are the prime factors of 705814153?
11, 3607, 17789
What are the prime factors of 679944213?
3, 13, 757, 853
What are the prime factors of 224724642?
2, 3, 31, 643, 1879
List the prime factors of 3705603583.
11, 3259, 9397
List the prime factors of 1906117032.
2, 3, 79421543
What are the prime factors of 454802932?
2, 421, 270073
List the prime factors of 2195466518.
2, 7, 23, 29, 235111
What are the prime factors of 41248118?
2, 37, 89, 6263
What are the prime factors of 90199998?
2, 3, 7, 715873
What are the prime factors of 20269592?
2, 7, 283, 1279
List the prime factors of 58191314.
2, 3511, 8287
What are the prime factors of 3508271625?
3, 5, 19, 492389
What are the prime factors of 174468509?
2459, 70951
List the prime factors of 43338057.
3, 7, 79, 151, 173
List the prime factors of 10920289.
73, 227, 659
List the prime factors of 1882464781.
1882464781
What are the prime factors of 203165594?
2, 19, 37, 229, 631
What are the prime factors of 2764723219?
103, 26841973
What are the prime factors of 3701023139?
11, 13921, 24169
List the prime factors of 28311267.
3, 1171, 8059
List the prime factors of 92853488.
2, 7, 13, 63773
List the prime factors of 114664109.
7, 127, 128981
List the prime factors of 241470769.
37, 6526237
What are the prime factors of 15525343?
53, 5527
What are the prime factors of 74507288?
2, 383, 24317
What are the prime factors of 800337503?
7, 9127, 125